 + 6*f - 9. Let a(p) = -103*p - 1243. Let l be a(-12). Calculate t(l).
-2
Let m(l) be the third derivative of l**8/20160 - l**7/630 - 2*l**5/15 + 6*l**2 + 2*l. Let u(z) be the third derivative of m(z). Give u(6).
-12
Let i(y) = -34*y**2 - 270*y - 233. Let d(a) = -13*a**2 - 105*a - 93. Let b(r) = 13*d(r) - 5*i(r). Give b(17).
-10
Let n(z) = z - 8. Let t(d) = -d**3 - 30*d**2 - 27*d + 36. Let b be t(-29). What is n(b)?
-30
Suppose -p = 2*x - 1, 5*p + 0 + 5 = -5*x. Let d be -4*p/30*-10. Let h(b) be the second derivative of -b**3/6 + 211*b. What is h(d)?
4
Suppose 63*h = -287 - 91. Let c(q) = -q**3 - 4*q**2 + 6*q + 3. Let u(k) = -2*k**3 - 7*k**2 + 13*k + 6. Let y(m) = 5*c(m) - 2*u(m). Give y(h).
-21
Let a(s) be the second derivative of -211*s + 4*s**2 - 1/3*s**3 + 0. Give a(6).
-4
Let k(u) = -7*u**2 + 10*u - 6. Let s(o) = -9*o**2 + 12*o - 7. Suppose 3*q - 5*t + 3 = -10, 0 = -2*q + t + 3. Let w(j) = q*k(j) - 3*s(j). Give w(4).
-3
Let r be -3 + -2 - (-2 - -2). Let f(o) be the first derivative of -o**3 + 3*o**2 + 57 - 4*o - 1/4*o**4. Calculate f(r).
16
Let i be 33/(-2)*16/24. Let c(v) = -v**2 - 11*v - 7. Let g be c(i). Let s(z) = -1 - 5*z**2 - z**2 - 2*z**2 - 9*z - z**3. Calculate s(g).
13
Let v(h) = h**3 - 4*h**2 - 4*h - 4. Let m = 9223 + -9218. Calculate v(m).
1
Let u(o) = 1 + 6*o + 3*o - 9*o + o. Let j be ((-1)/(-2) - 3822/756) + (-8)/18. Determine u(j).
-4
Let b(q) = -60*q + 125*q - 54*q - 7 + 4 - 9. Give b(6).
54
Let x(a) be the first derivative of -a + 1/3*a**3 + 7/2*a**2 - 97. Suppose 5*t - 3*f = -30, -12 = -t + 3*t - 2*f. Determine x(t).
-7
Let v(a) = -a. Suppose -11*p = -8*p + 213. Let s = 79 + p. Suppose s*n = 2*n - n. Determine v(n).
0
Let c = -15477 + 15478. Let d(t) = -20*t + 7. What is d(c)?
-13
Let g(f) = f + 2. Let l be g(-3). Let u(b) be the third derivative of -b**4/3 + b**3/6 - 48*b**2 - 261. Determine u(l).
9
Let j(y) = -y**3 - 4*y**2 + 2*y + 5. Let f be j(-4). Let m = -749 + 751. Let k(x) = 133*x**3 - 132*x**3 - 3*x**2 - 4 + 1 + 3*x**2 - x + 5*x**m. Calculate k(f).
18
Let w = 206 - 202. Suppose -w*h + 4*o - o = 15, 5*o - 25 = h. Let z(v) = 3*v - 4*v + 2*v. What is z(h)?
0
Let x be (15 - 13)*(-3)/(-1). Let v(q) = -17*q**2 - 19*q + 12. Let u(j) = -14*j**2 - 17*j + 12. Let p(a) = 6*u(a) - 5*v(a). Determine p(x).
6
Let o(f) = 101*f**2 + 13*f - 44. Let s(c) = 33*c**2 + 4*c - 13. Let u(d) = -2*o(d) + 7*s(d). Determine u(1).
28
Let n(o) be the third derivative of 0*o + 0 - 1/30*o**5 + 0*o**3 - 1/24*o**4 - 2*o**2. Let j = 2731 + -2728. Give n(j).
-21
Let z be (126/28 + -5)*-16. Let a(d) = -d + 19. Determine a(z).
11
Suppose -2*d + 2*p = -d + 5, 5*d = -p + 30. Suppose -6 = -y - 3*y + 5*t, -3*y = -4*t - d. Let f(l) = 4*l + 0 + 0 + 0 + 1. Give f(y).
-3
Let z(l) be the first derivative of 25*l**2 + 0*l**5 - 1/30*l**6 + 0*l**4 - 1/6*l**3 + 0*l + 29. Let d(n) be the second derivative of z(n). Determine d(1).
-5
Let t(u) = 157*u**2 + 10*u - 17. Let d be t(2). Let x(w) = -2*w - d + 315 + 313. Let n(j) = 3*j + 6. Let m be n(-4). What is x(m)?
9
Let i(c) = 11*c - 59. Let l be i(6). Let p(m) = -l - 8*m + 13*m - 2*m - 4*m. Calculate p(-10).
3
Suppose -105*o - 32 + 60 = 28. Let t(x) = 2*x**3 - x - 104. Calculate t(o).
-104
Let h be 34/3 + (-104)/312. Let g(q) = -q**2 + 3*q - 11*q + h*q - 3 + 8*q. What is g(9)?
15
Let g(x) = -2*x**2 + 2. Let u(n) = -n**3 - 2*n + 9*n**2 + 4 + n - 11 + 2*n**3. Let c be u(-9). Suppose 3 = d, 0 = 4*y - c*d + 4 + 10. Give g(y).
-6
Let n = 0 + 3. Suppose 0 = -58*f + 64*f - 102. Let v(b) = -4 - 19*b**2 + 37*b**2 - f*b**2. Give v(n).
5
Let w(q) be the third derivative of -q**4/24 - 7*q**3/3 + q**2 + 5. Suppose -80 + 68 = t. Calculate w(t).
-2
Let q(v) be the second derivative of -5/2*v**2 + 33*v - 1/12*v**4 + 5/6*v**3 + 0. What is q(6)?
-11
Let u(s) = -2*s**3 - 3*s**2 - 4*s - 3. Let l = 3671 - 3673. Calculate u(l).
9
Let u(s) = 5*s - 89. Let l(f) = -2*f**3 - 52*f**2 - 64*f - 330. Let b be l(-25). Give u(b).
11
Let y(r) = -4*r - 7. Suppose -68*k - 671 = -9*k + 2*k. Give y(k).
37
Suppose -15*s - 132 = 18*s. Let w be 12*-4*2/(-32). Let g(k) = 2*k**2 - 5*k**w + k**2 - 3*k + 2 + 3*k**3 + 3*k**3. Calculate g(s).
-2
Let w(f) = -137*f - 9. Let a(j) = 343*j + 20. Let t(v) = -2*a(v) - 5*w(v). Let n(g) = -g**3 + 3*g**2 + 7*g - 5. Let o be n(4). Give t(o).
-2
Let f = 9655 - 9674. Let m(n) = -15*n - 291. What is m(f)?
-6
Let o be -9 + 5 + 1/((-1)/(-4)). Let m(c) = -5 + o - 12*c + 0*c + 17*c. Give m(8).
35
Let v(h) = 32 - 604*h + 3*h**2 - 34 + h**3 - 600*h - 4*h**2 + 1202*h. Suppose 0 = -2*t + 8 + 2. Suppose a = g + 1, -2*a - t*g - 2 = -6*a. Determine v(a).
10
Let t(h) = -h**2 + 19*h - 47. Suppose -4*c + 20 = 2*d, 32*c = 29*c - 3*d + 21. Calculate t(c).
1
Let n(s) = s**3 + s**2 + 2*s - 24. Let f be n(8). Let v = f + -565. Let c(p) = -p**2 + 3*p + 3. Determine c(v).
3
Let w be (-4*15/(-72))/(4*4/96). Let j(p) be the second derivative of -1/2*p**4 + 1/20*p**w + 5/6*p**3 + 0 + 5/2*p**2 - 4*p. Determine j(5).
5
Let z(i) = -4*i + 4. Let h be (1 + (3 - -33))/1. Suppose 12*s = h + 11. Give z(s).
-12
Let j(m) = 81*m - m**2 + 66*m + 25 - 205*m + 65*m. Determine j(6).
31
Suppose 6*i - c = 8*i + 34, -12*i - 186 = 3*c. Let x(n) = 18*n + 241. Determine x(i).
-11
Let l(m) = -2*m**2 + m + 1. Suppose -3*y = -y - 4. Suppose 3*v - 3*w = 30, 0*v - y*v + 15 = -w. Suppose -5 = -v*u, 4*r + 2*u = 8*r + 6. What is l(r)?
-2
Let b(k) be the first derivative of k**2/2 + 17*k - 1277. Calculate b(-22).
-5
Suppose -5*p + 2*a - 17 = 0, 4*p + 4*a - 5 = -13. Let q(g) = -2*g**2 - 5*g - 3. Let c be q(p). Let x(t) = -t - 12. Give x(c).
-6
Let j(i) = -31*i**3 - 26*i**3 + 7*i - 9*i**2 + 58*i**3. Let m = 560 + -552. Give j(m).
-8
Suppose 0 = -13*i + 153 + 341. Suppose -5*l - 14*l = -i. Let s(z) = z + 0*z + 11*z + z**3 + 0*z + 14 + 11*z**l. What is s(-10)?
-6
Let c be 5 + -27 - ((-95)/20 + 7/(-28)). Let d(s) = -s**3 - 16*s**2 + 16*s - 36. Give d(c).
-19
Let b(y) = -y**2 - 2*y + 2. Let s(x) = -x**3 + 25*x**2 - 7*x - 43. Let w(r) = -5*b(r) - s(r). Determine w(19).
-5
Let b(d) = 2*d - 2. Let p be b(5). Let l(i) = -32771*i + 32779*i + 48*i**2 + 1 - 49*i**2. What is l(p)?
1
Let v(l) = -l + 1. Let r be v(1). Let n(s) be the first derivative of 1/3*s**3 - 60 + 0*s**2 - 4*s. What is n(r)?
-4
Let r(b) = -5*b**2 + 10*b + 10. Let x be (54/6 - 1) + 6 + -15. Give r(x).
-5
Suppose 160 = -206*x + 984. Let p(q) = q**3 - 3*q**2 - 2*q + 17. Determine p(x).
25
Let g(w) = -16 - w**3 + 292057*w - w**3 - 292068*w - 15*w**2. Determine g(-7).
12
Let j be (10/(-15))/(4/(-258)). Let p = j + -42. Let k(t) = -7 + 1 - t + p. What is k(7)?
-12
Let h(x) = -3*x - 2. Let u(s) = s + 1. Let w(p) = 2*h(p) + 4*u(p). Let m(v) = 2*v**2 + 8*v + 16. Let o be m(-2). Suppose 0 = 7*b + o*b + 30. What is w(b)?
4
Let c(z) = 2*z - 241. Let r(l) = l - 18. Let s(m) = c(m) + 12*r(m). Determine s(33).
5
Let f = -9094 + 9093. Let k(r) = -r + 1. Let b(d) = 2*d**2 + d - 2. Let q(j) = -b(j) - 2*k(j). Determine q(f).
-3
Suppose 3*l = -u + 11, 410 = 4*u + 5*l + 401. Let k(h) = h**3 + 3*h**2 + 6*h + 4. What is k(u)?
-36
Let b(u) = -4*u + 0*u + 1281 - 650 + u**2 - u - 639. What is b(-7)?
76
Let g(z) = 3*z + 104. Let w be g(-35). Let k(f) = 4*f**2 + 11*f + 16. Let s(a) = -a**2 - 2. Let x(l) = w*k(l) - 5*s(l). Determine x(12).
6
Let d = -13973 - -13963. Let o(k) = 6*k**2 + 60*k + 8. Give o(d).
8
Let z(j) = j**3 + 7*j**2 - 6. Let r(m) = -2*m**2 + 98*m + 95. Let v be r(50). Calculate z(v).
44
Let k(h) = -14*h - 197. Let g(x) = 7*x + 78. Let u(n) = -5*g(n) - 2*k(n). Let w = 8 - 13. Give u(w).
39
Let u(s) = 9*s + 39. Let m be u(13). Suppose -10*n + m = 36. Let k(b) = b**2 - 12*b - 5. Give k(n).
-5
Let l(x) = 37*x - 36. Suppose -2*s = f - 6, 0 = -5*s + 3*f - 6 + 21. Let j(p) = -29*p + 35. Let k(t) = s*l(t) + 4*j(t). Calculate k(6).
2
Let x(n) be the third derivative of -n**6/120 + 7*n**5/30 - 7*n**4/6 + 41*n**3/6 - n**2 + 10. Let l be x(12). Let k(a) = a**3 + 8*a**2 + 9*a + 9. Give k(l).
-5
Let r(x) = 4*x + 9. Let v(p) be the first derivative of 3*p**2/2 + 7*p + 20. Let z(b) = -2*r(b) + 3*v(b). Give z(8).
11
Let b = 4927 + -4926. Let j(o) = 16*o**3 - 3*o + 2. Give j(b).
15
Let p(h) = -h**2 + 14*h + 8. Let l(n) be the first derivative of n**3 - 41*n**2/2 - 24*n - 72. Let y(z) = -3*l(z) - 8*p(z). Give y(12).
-4
Suppose -329*s - 1521 = -199*s